Is 33 a factor of 7464?
False
Is 123 a factor of 14292?
False
Is 44 a factor of 4163?
False
Is 13 a factor of 138193?
False
Is 14 a factor of 5460?
True
Does 4 divide 3766?
False
Does 25 divide 10575?
True
Is 13635 a multiple of 47?
False
Is 282 a factor of 34889?
False
Does 9 divide 963?
True
Does 32 divide 2944?
True
Does 32 divide 2493?
False
Is 11461 a multiple of 24?
False
Is 280 a multiple of 8?
True
Is 253 a multiple of 7?
False
Does 18 divide 3420?
True
Is 31 a factor of 5571?
False
Is 4885 a multiple of 75?
False
Does 7 divide 713?
False
Does 14 divide 728?
True
Does 64 divide 1313?
False
Is 96 a factor of 66146?
False
Is 13861 a multiple of 9?
False
Does 40 divide 26511?
False
Does 14 divide 2884?
True
Does 14 divide 3223?
False
Is 79394 a multiple of 371?
True
Does 19 divide 443?
False
Does 6 divide 737?
False
Is 5 a factor of 6855?
True
Is 12 a factor of 878?
False
Does 6 divide 446?
False
Does 4 divide 440?
True
Does 2 divide 38?
True
Is 20 a factor of 1040?
True
Is 210 a multiple of 10?
True
Is 4 a factor of 55984?
True
Is 16 a factor of 1107?
False
Is 122 a multiple of 6?
False
Does 19 divide 12141?
True
Is 20 a factor of 6720?
True
Does 19 divide 3173?
True
Does 24 divide 4848?
True
Does 23 divide 37884?
False
Is 30 a factor of 55980?
True
Is 490 a multiple of 49?
True
Does 16 divide 100?
False
Is 51 a factor of 3468?
True
Does 229 divide 10376?
False
Does 102 divide 4182?
True
Is 18 a factor of 4202?
False
Is 84 a multiple of 2?
True
Is 1375 a multiple of 55?
True
Does 78 divide 133329?
False
Is 34 a factor of 510?
True
Is 6 a factor of 71?
False
Does 28 divide 769?
False
Is 40 a factor of 1800?
True
Is 25 a factor of 36269?
False
Does 7 divide 9618?
True
Does 17 divide 258?
False
Does 14 divide 784?
True
Is 36 a factor of 33660?
True
Is 105 a factor of 420?
True
Is 15 a factor of 611?
False
Does 90 divide 630?
True
Is 1773 a multiple of 47?
False
Is 4366 a multiple of 42?
False
Is 32 a factor of 31168?
True
Does 8 divide 26422?
False
Does 37 divide 168?
False
Is 5 a factor of 1135?
True
Is 9 a factor of 747?
True
Does 12 divide 13462?
False
Does 30 divide 2490?
True
Does 2 divide 5356?
True
Is 482 a multiple of 8?
False
Is 13 a factor of 281?
False
Is 510 a multiple of 6?
True
Does 55 divide 8030?
True
Is 260 a multiple of 5?
True
Is 4 a factor of 55392?
True
Does 212 divide 35828?
True
Is 13 a factor of 66222?
True
Does 14 divide 2093?
False
Is 98 a factor of 2978?
False
Is 39 a factor of 4507?
False
Is 14333 a multiple of 58?
False
Does 7 divide 364?
True
Is 61 a factor of 4671?
False
Is 4494 a multiple of 6?
True
Is 10 a factor of 2280?
True
Is 37777 a multiple of 22?
False
Does 10 divide 717?
False
Is 246 a multiple of 15?
False
Is 4894 a multiple of 11?
False
Does 22 divide 264?
True
Is 1591 a multiple of 8?
False
Is 488 a multiple of 24?
False
Is 5184 a multiple of 12?
True
Is 27 a factor of 1215?
True
Is 404 a multiple of 8?
False
Does 5 divide 1045?
True
Does 3 divide 27?
True
Is 5 a factor of 267?
False
Is 8195 a multiple of 117?
False
Is 2538 a multiple of 6?
True
Is 123 a factor of 30425?
False
Is 918 a multiple of 3?
True
Does 50 divide 1050?
True
Does 22 divide 13222?
True
Is 162 a factor of 27864?
True
Is 270 a factor of 27810?
True
Is 102 a factor of 19482?
True
Is 12618 a multiple of 49?
False
Is 28234 a multiple of 38?
True
Is 19 a factor of 1596?
True
Is 319 a multiple of 11?
True
Is 24 a factor of 688?
False
Is 96 a factor of 33504?
True
Is 612 a multiple of 68?
True
Is 3142 a multiple of 136?
False
Is 94 a factor of 65024?
False
Does 75 divide 8475?
True
Is 990 a multiple of 15?
True
Is 63 a factor of 1316?
False
Is 1162 even?
True
Is 23408 a multiple of 154?
True
Is 96 a multiple of 12?
True
Does 8 divide 2208?
True
Does 84 divide 59084?
False
Is 73 a factor of 3504?
True
Is 633 a multiple of 33?
False
Is 71 a factor of 22363?
False
Is 164123 a multiple of 103?
False
Is 24 a factor of 75168?
True
Is 13275 a multiple of 45?
True
Is 6244 a multiple of 22?
False
Does 155 divide 2325?
True
Is 26 a factor of 130?
True
Is 18 a factor of 324?
True
Does 97 divide 11349?
True
Does 119 divide 357?
True
Is 22 a factor of 6270?
True
Is 7251 a multiple of 14?
False
Is 19 a factor of 1675?
False
Is 22 a factor of 14784?
True
Is 17280 a multiple of 160?
True
Is 13746 a multiple of 43?
False
Does 157 divide 21666?
True
Is 9 a factor of 4239?
True
Does 10 divide 2480?
True
Does 9 divide 2511?
True
Is 20832 a multiple of 16?
True
Does 138 divide 2622?
True
Is 4323 a multiple of 131?
True
Does 225 divide 5175?
True
Is 113 a multiple of 2?
False
Is 2477 a multiple of 49?
False
Is 13 a factor of 34?
False
Is 271 a multiple of 26?
False
Is 12 a factor of 486?
False
Is 23144 a multiple of 71?
False
Is 45304 a multiple of 14?
True
Is 213 a factor of 5280?
False
Is 5 a factor of 1070?
True
Is 90 a factor of 990?
True
Does 35 divide 13766?
False
Does 13 divide 18452?
False
Does 25 divide 4332?
False
Is 266 a multiple of 3?
False
Is 200 a multiple of 25?
True
Is 210 a multiple of 16?
False
Is 1107 a multiple of 16?
False
Is 12 a factor of 192?
True
Is 107 a factor of 1767?
False
Is 1719 a multiple of 10?
False
Is 32596 a multiple of 116?
True
Is 2 a factor of 4841?
False
Does 17 divide 289?
True
Does 13 divide 3783?
True
Is 10 a factor of 950?
True
Is 20 a factor of 720?
True
Does 9 divide 12586?
False
Is 24875 a multiple of 5?
True
Is 733 a multiple of 14?
False
Is 35 a factor of 19810?
True
Does 12 divide 48504?
True
Is 96 a factor of 551?
False
Is 1090 a multiple of 22?
False
Is 59 a factor of 2950?
True
Is 444 a multiple of 37?
True
Is 4 a factor of 148?
True
Does 9 divide 15750?
True
Does 47 divide 517?
True
Is 1415 a multiple of 2?
False
Is 329 a multiple of 7?
True
Is 678 a multiple of 9?
False
Is 116 a factor of 2436?
True
Is 34 a factor of 285?
False
Does 144 divide 16743?
False
Is 26141 a multiple of 262?
False
Does 25 divide 5478?
False
Does 102 divide 10812?
True
Does 13 divide 113277?
False
Does 61 divide 61?
True
Is 25685 a multiple of 16?
False
Does 97 divide 247?
False
Is 80 a factor of 47600?
True
Is 527 a multiple of 77?
False
Is 7 a factor of 3888?
False
Is 51 a factor of 2499?
True
Is 148 a multiple of 20?
False
Is 63 a factor of 6993?
True
Is 77 a factor of 15619?
False
Is 140 a multiple of 5?
True
Is 18135 a multiple of 39?
True
Does 100 divide 5176?
False
Is 22 a factor of 814?
True
Is 899 a multiple of 31?
True
Is 5111 a multiple of 37?
False
Does 6 divide 36?
True
Is 21889 a multiple of 53?
True
Does 28 divide 7700?
True
Does 41 divide 81321?
False
Does 19 divide 329?
False
Does 264 divide 12936?
True
Is 6543 a multiple of 11?
False
Is 8 a factor of 12352?
True
Is 49470 a multiple of 17?
True
Is 357 a multiple of 3?
True
Is 7860 a multiple of 8?
False
Does 206 divide 14593?
False
Is 58 a factor of 26900?
False
Is 41 a factor of 1968?
True
Is 42 a factor of 36120?
True
Does 38 divide 3404?
False
Does 85 divide 9006?
False
Is 60 a factor of 1065?
False
Is 44 a factor of 16326?
False
Is 5464 a multiple of 31?
False
Does 74 divide 7770?
True
Does 33 divide 99?
True
Is 46293 a multiple of 141?
False
Is 65 a multiple of 5?
True
Does 9 divide 328?
False
Is 9 a factor of 96?
False
Is 15 a factor of 1783?
False
Is 11 a factor of 4555?
False
Is 34342 a multiple of 22?
True
Is 157 a factor of 14267?
False
Is 28 a factor of 196?
True
Is 182 a factor of 28044?
False
Is 4833 a multiple of 67?
False
Is 5757 a multiple of 19?
True
Does 116 divide 15312?
True
Is 143 a factor of 33891?
True
Is 8 a factor of 720?
True
Does 36 divide 1224?
True
Does 86 divide 19515?
False
Is 132 a multiple of 4?
True
Does 31 divide 6450?
False
Is 23 a factor of 1449?
True
Is 10 a factor of 1329?
False
Is 8 a factor of 8785?
False
Does 5 divide 285?
True
Is 2025 a multiple of 45?
True
Is 58 a factor of 58?
True
Is 201 a factor of 8105?
False
Does 12 divide 51?
False
Is 10 a factor of 840?
True
Is 39548 a multiple of 13?
False
Is 7 a factor of 863?
False
Is 13077 a multiple of 100?
False
Is 331 a multiple of 6?
False
Is 8157 a multiple of 52?
False
Does 13 divide 34593?
True
Does 10 divide 970?
True
Is 8505 a multiple of 35?
True
Is 376 a multiple of 8?
True
Does 45 divide 3638?
False
Is 9 a factor of 849?
False
Is 744 a multiple of 12?
Tru